rime?
False
Is 438695 prime?
False
Is 24859 composite?
False
Is 874661 a prime number?
True
Is 2243 composite?
False
Is 353359 a prime number?
True
Is 3803 prime?
True
Is 21137 prime?
False
Is 279653 a composite number?
True
Is 41807 prime?
False
Is 173969 a prime number?
True
Is 1600861 composite?
False
Is 435131 a prime number?
True
Is 8651 a prime number?
False
Is 66697 prime?
True
Is 168962 a composite number?
True
Is 43753 composite?
False
Is 1162435 prime?
False
Is 113 a composite number?
False
Is 407 a composite number?
True
Is 311 a prime number?
True
Is 285037 prime?
False
Is 3827221 composite?
False
Is 52051 prime?
True
Is 25733 a composite number?
False
Is 122381 composite?
True
Is 76343 composite?
False
Is 470689 composite?
False
Is 34327 a prime number?
True
Is 42491 a composite number?
False
Is 3571 a prime number?
True
Is 4631 a composite number?
True
Is 405071 prime?
True
Is 103749 composite?
True
Is 42869 a composite number?
True
Is 20707 a composite number?
False
Is 41117 a composite number?
False
Is 2551 composite?
False
Is 411883 a composite number?
False
Is 9589 a prime number?
False
Is 1709393 a composite number?
True
Is 332587 a prime number?
False
Is 463 composite?
False
Is 231377 a composite number?
True
Is 1177 a prime number?
False
Is 188897 prime?
False
Is 86677 prime?
True
Is 137905 prime?
False
Is 142159 prime?
True
Is 82191 composite?
True
Is 2411 prime?
True
Is 20381 a prime number?
False
Is 78877 a prime number?
True
Is 392383 prime?
True
Is 1004071 prime?
False
Is 1572019 prime?
False
Is 3251 prime?
True
Is 531049 a composite number?
True
Is 1361 prime?
True
Is 6881 a prime number?
False
Is 26921 composite?
False
Is 39253 a prime number?
False
Is 4709 a composite number?
True
Is 20789 composite?
False
Is 493 a prime number?
False
Is 4918 a prime number?
False
Is 1818769 prime?
True
Is 808343 composite?
False
Is 33679 a composite number?
False
Is 344803 a prime number?
False
Is 6353 a composite number?
False
Is 82769 composite?
True
Is 1007771 a composite number?
False
Is 232403 a prime number?
False
Is 19249 a prime number?
True
Is 248363 a prime number?
False
Is 2568507 a composite number?
True
Is 301573 a prime number?
False
Is 426841 prime?
True
Is 34403 composite?
False
Is 78101 prime?
True
Is 460067 prime?
False
Is 13829 composite?
False
Is 1879495 composite?
True
Is 38957 a prime number?
False
Is 145849 prime?
False
Is 2866 composite?
True
Is 23977 a prime number?
True
Is 42593 a composite number?
True
Is 71239 a composite number?
True
Is 15431 prime?
False
Is 67973 a composite number?
True
Is 106087 prime?
True
Is 1353031 prime?
False
Is 79181 composite?
False
Is 23869 a composite number?
False
Is 787867 a prime number?
False
Is 8707 a prime number?
True
Is 88586 composite?
True
Is 697877 a composite number?
False
Is 354581 prime?
True
Is 2211883 a composite number?
False
Is 8443 composite?
False
Is 174547 a composite number?
True
Is 105943 a prime number?
True
Is 69809 a composite number?
False
Is 3329 composite?
False
Is 59351 a composite number?
False
Is 158071 a composite number?
False
Is 161939 composite?
True
Is 1251287 a prime number?
True
Is 3659 a composite number?
False
Is 150578 a prime number?
False
Is 10771 prime?
True
Is 65777 composite?
False
Is 63995 a prime number?
False
Is 1403 a prime number?
False
Is 56617 a prime number?
False
Is 787063 prime?
False
Is 13726 a composite number?
True
Is 146053 prime?
False
Is 257399 a prime number?
True
Is 56659 a composite number?
False
Is 1165 a prime number?
False
Is 197153 a composite number?
True
Is 194227 a composite number?
True
Is 17939 prime?
True
Is 443 composite?
False
Is 4924517 a composite number?
True
Is 334127 prime?
True
Is 886 a prime number?
False
Is 10877 composite?
True
Is 9077 a prime number?
False
Is 329 a prime number?
False
Is 37085 a prime number?
False
Is 60441 prime?
False
Is 189547 a composite number?
False
Is 51067 a composite number?
True
Is 12443 composite?
True
Is 39563 composite?
False
Is 2173 a prime number?
False
Is 71527 a composite number?
False
Is 106243 a composite number?
False
Is 9239 prime?
True
Is 73121 a prime number?
True
Is 84089 composite?
False
Is 54113 prime?
False
Is 21955 composite?
True
Is 13799 a composite number?
False
Is 31417 composite?
True
Is 22301 prime?
False
Is 874063 a prime number?
True
Is 271981 composite?
False
Is 140143 prime?
True
Is 6847 a prime number?
False
Is 1543 composite?
False
Is 179801 a prime number?
True
Is 5308663 a composite number?
False
Is 83209 prime?
False
Is 792101 a prime number?
True
Is 90161 composite?
True
Is 2507965 composite?
True
Is 898253 a composite number?
False
Is 9307 a composite number?
True
Is 61621 prime?
False
Is 15121 a prime number?
True
Is 928139 prime?
True
Is 15563 a composite number?
True
Is 561703 prime?
True
Is 602354 a composite number?
True
Is 16501 a composite number?
True
Is 266549 prime?
True
Is 12197 composite?
False
Is 60719 a composite number?
False
Is 171263 a prime number?
True
Is 98123 prime?
True
Is 15703 composite?
True
Is 971638 a prime number?
False
Is 22469 a composite number?
False
Is 8467 prime?
True
Is 138791 prime?
False
Is 55747 a prime number?
False
Is 27857 prime?
False
Is 113011 composite?
False
Is 391841 composite?
True
Is 437387 prime?
True
Is 103387 a composite number?
False
Is 884726 composite?
True
Is 7393 prime?
True
Is 15187 a composite number?
False
Is 265751 a prime number?
False
Is 85781 a prime number?
True
Is 26126 a composite number?
True
Is 10937 a prime number?
True
Is 90971 a prime number?
True
Is 3881 a composite number?
False
Is 13997 a prime number?
True
Is 1129819 a composite number?
False
Is 240082 a composite number?
True
Is 36721 composite?
False
Is 22031 a prime number?
True
Is 36997 a prime number?
True
Is 265153 composite?
True
Is 959533 composite?
False
Is 129697 a composite number?
True
Is 217843 composite?
True
Is 1270897 a composite number?
False
Is 22853 a composite number?
False
Is 3389 prime?
True
Is 413629 composite?
False
Is 17609 a prime number?
True
Is 1055 composite?
True
Is 5977 a prime number?
False
Is 104437 a composite number?
True
Is 4591 prime?
True
Is 2113703 composite?
False
Is 2074801 a prime number?
True
Is 18113 a composite number?
True
Is 20807 a prime number?
True
Is 1411547 prime?
False
Is 267193 prime?
True
Is 2309 prime?
True
Is 202087 a composite number?
False
Is 4709 composite?
True
Is 16127 a composite number?
False
Is 2141057 a prime number?
True
Is 938843 a composite number?
False
Is 277741 prime?
True
Is 21833 a composite number?
True
Is 110161 prime?
True
Is 807293 a prime number?
False
Is 37747 prime?
True
Is 37211 prime?
False
Is 14631 composite?
True
Is 1643171 composite?
False
Is 24877 composite?
False
Is 604123 prime?
False
Is 3977 composite?
True
Is 169111 composite?
False
Is 138157 a composite number?
False
Is 93761 a prime number?
True
Is 8501 a prime number?
True
Is 6999 a prime number?
False
Is 4385 a composite number?
True
Is 21529 prime?
True
Is 235273 composite?
False
Is 15053 a prime number?
True
Is 23971 prime?
True
Is 1774507 a composite number?
True
Is 39115 a composite number?
True
Is 62233 a prime number?
True
Is 3589 a prime number?
False
Is 168985 prime?
False
Is 149419 composite?
False
Is 5381 prime?
True
Is 166451 prime?
False
Is 7483 prime?
False
Is 24437 prime?
False
Is 3739 a prime number?
True
Is 6947 a prime number?
True
Is 16879 prime?
True
Is 31721 a prime number?
True
Is 10541 prime?
False
Is 4201 composite?
False
Is 251653 a prime number?
True
Is 30293 composite?
False
Is 2230409 a prime number?
True
Is 787 a prime number?
True
Is 108587 a prime number?
True
Is 3754 composite?
True
Is 15685 a composite number?
True
Is 7061 prime?
False
Is 19217 a prime number?
False
Is 9327 a composite number?
True
Is 66791 a composite number?
False
Is 72269 a composite number?
False
Is 567379 composite?
True
Is 25339 a composite number?
False
Is 117797 prime?
True
Is 487 a prime number?
True
Is 1595611 composite?
False
Is 666929 prime?
True
Is 6113 a composite number?
False
Is 826831 a prime number?
True
Is 5449 a prime number?
True
Is 10315 a composite number?
True
Is 25301 prime?
True
Is 78497 a prime number?
True
Is 574297 prime?
True
I